he greatest common factor of 50935 and 1220?
305
Calculate the greatest common factor of 20504 and 2024.
88
Calculate the greatest common divisor of 119383 and 99.
11
Calculate the highest common factor of 2205 and 55440.
315
Calculate the highest common factor of 3910 and 245.
5
Calculate the highest common factor of 260 and 554320.
260
Calculate the highest common factor of 1419 and 126093.
33
Calculate the greatest common factor of 38 and 533425.
19
Calculate the greatest common divisor of 3620 and 4980.
20
Calculate the highest common divisor of 416440 and 145.
145
What is the highest common factor of 221683 and 693?
77
Calculate the highest common divisor of 1163943 and 66.
33
Calculate the greatest common factor of 1676 and 34.
2
What is the greatest common divisor of 46979 and 1853?
109
What is the highest common factor of 456460 and 580?
580
What is the highest common factor of 2345 and 45091?
67
What is the greatest common divisor of 810 and 88155?
135
What is the highest common factor of 1971207 and 1005?
201
Calculate the highest common divisor of 45 and 1059327.
9
Calculate the highest common factor of 421788 and 48.
12
What is the greatest common factor of 112 and 213521?
7
What is the greatest common divisor of 15 and 10470?
15
What is the highest common divisor of 1524 and 82804?
508
Calculate the greatest common factor of 72 and 10652.
4
What is the highest common factor of 244 and 142?
2
What is the highest common factor of 3848 and 832?
104
Calculate the greatest common divisor of 201 and 111957.
201
What is the greatest common divisor of 101 and 181497?
101
Calculate the greatest common divisor of 1740 and 20280.
60
Calculate the highest common divisor of 34223 and 14.
7
Calculate the highest common divisor of 13 and 58669.
13
Calculate the greatest common factor of 15519 and 21.
21
What is the highest common divisor of 34 and 170782?
34
What is the greatest common factor of 3225 and 34185?
645
Calculate the highest common factor of 447 and 80907.
447
Calculate the highest common factor of 152100 and 720.
180
What is the greatest common divisor of 91989 and 81?
27
Calculate the highest common divisor of 72641 and 289.
17
Calculate the highest common divisor of 2670 and 21510.
30
What is the highest common factor of 2 and 139206?
2
Calculate the highest common divisor of 12309 and 5968.
373
Calculate the highest common divisor of 7878 and 10908.
606
What is the highest common divisor of 11623 and 13865?
59
What is the highest common factor of 424 and 416?
8
What is the greatest common divisor of 4620 and 9750?
30
What is the greatest common divisor of 99820 and 1540?
140
Calculate the highest common factor of 171443 and 4325.
173
Calculate the highest common divisor of 1584 and 237168.
144
What is the greatest common factor of 126363 and 12?
3
Calculate the highest common divisor of 1606464 and 1728.
576
What is the greatest common divisor of 10 and 9105?
5
Calculate the highest common divisor of 128864 and 32.
32
What is the highest common factor of 6 and 23316?
6
What is the highest common factor of 18 and 235638?
18
What is the greatest common divisor of 35 and 12649?
7
What is the greatest common factor of 84301 and 56?
7
Calculate the greatest common factor of 68 and 240652.
68
What is the greatest common divisor of 415235 and 15?
5
What is the greatest common factor of 8 and 37864?
8
Calculate the greatest common divisor of 215 and 2410.
5
Calculate the highest common divisor of 151657 and 170.
17
What is the greatest common divisor of 3212 and 2288?
44
What is the greatest common factor of 21245 and 1855?
35
Calculate the highest common divisor of 848 and 49502.
106
Calculate the highest common divisor of 109650 and 450.
150
Calculate the highest common divisor of 150 and 6364950.
150
What is the highest common divisor of 95 and 126445?
95
Calculate the highest common divisor of 271692 and 36.
36
What is the highest common divisor of 70 and 1440?
10
Calculate the highest common divisor of 690 and 2700.
30
Calculate the highest common divisor of 274992 and 337.
337
Calculate the highest common factor of 16 and 825112.
8
What is the greatest common factor of 13651 and 105193?
803
What is the greatest common factor of 375176 and 736?
184
What is the greatest common divisor of 835 and 39579?
167
What is the highest common factor of 1087590 and 56?
14
Calculate the greatest common divisor of 8952 and 3000.
24
What is the highest common factor of 29767 and 7633?
17
What is the highest common divisor of 1210 and 474078?
242
What is the highest common divisor of 190119 and 762?
381
What is the highest common divisor of 22 and 8176971?
11
Calculate the highest common factor of 92 and 65458.
46
Calculate the highest common divisor of 390515 and 3764.
941
Calculate the highest common divisor of 2000 and 23920.
80
What is the highest common factor of 500760 and 320?
40
Calculate the highest common divisor of 3745308 and 84.
84
What is the greatest common factor of 10710 and 14790?
510
Calculate the greatest common divisor of 1947 and 4686.
33
Calculate the highest common divisor of 982794 and 23902.
1406
Calculate the highest common divisor of 10 and 26210.
10
What is the highest common divisor of 3694754 and 14?
14
What is the highest common divisor of 992 and 54064?
496
What is the greatest common divisor of 1104 and 3266?
46
What is the greatest common factor of 4366 and 296?
74
What is the highest common factor of 145468 and 2661?
887
Calculate the highest common factor of 50238 and 45.
9
What is the greatest common factor of 497 and 1775?
71
Calculate the highest common divisor of 36 and 417870.
18
Calculate the highest common factor of 40 and 55296.
8
What is the greatest common divisor of 133181 and 97?
97
What is the highest common divisor of 8468 and 61364?
116
Calculate the highest common divisor of 2877 and 8421.
21
What is the highest common divisor of 1639 and 88?
11
Calculate the greatest common factor of 1147652 and 110.
22
Calculate the greatest common factor of 13896 and 744.
24
Calculate the highest common factor of 270 and 313650.
90
What is the greatest common divisor of 19459 and 976?
61
Calculate the highest common divisor of 3751 and 55.
11
What is the highest common divisor of 41076 and 819?
63
What is the greatest common divisor of 1664 and 7552?
128
Calculate the highest common factor of 6915 and 15.
15
What is the greatest common divisor of 10 and 1556465?
5
What is the greatest common divisor of 4 and 766?
2
Calculate the highest common divisor of 7884 and 43508.
292
What is the highest common divisor of 3378 and 125549?
563
Calculate the highest common factor of 926480 and 40.
40
What is the highest common divisor of 2242 and 37406?
118
What is the greatest common factor of 2706 and 607046?
902
Calculate the greatest common divisor of 292 and 24188.
4
What is the highest common divisor of 1920 and 12352?
64
Calculate the greatest common divisor of 963 and 11449.
107
What is the greatest common factor of 47230 and 240?
10
Calculate the highest common divisor of 28 and 2647582.
14
What is the highest common divisor of 560 and 78512?
112
Calculate the highest common factor of 69875 and 1375.
125
Calculate the greatest common divisor of 24139 and 239.
239
Calculate the greatest common divisor of 6584 and 184.
8
What is the greatest common divisor of 20916 and 742?
14
Calculate the highest common factor of 6233 and 1127.
23
Calculate the greatest common divisor of 968 and 593384.
968
Calculate the highest common divisor of 27 and 693657.
27
What is the highest common factor of 143646 and 534?
534
What is the highest common divisor of 367880 and 2720?
680
What is the greatest common factor of 382596 and 16?
4
Calculate the highest common divisor of 7644 and 663.
39
Calculate the highest common factor of 176 and 2486.
22
Calculate the greatest common factor of 3933 and 65132.
19
Calculate the highest common factor of 812320 and 160.
160
What is the highest common divisor of 765 and 54825?
255
Calculate the highest common factor of 527 and 20770.
31
Calculate the greatest common divisor of 510 and 14370.
30
What is the greatest common factor of 8536 and 2904?
88
Calculate the greatest common divisor of 13